{"id":24,"date":"2020-02-21T08:01:38","date_gmt":"2020-02-21T07:01:38","guid":{"rendered":"https:\/\/benediktinerinnen-steinfeld-bonn.de\/cms\/?page_id=24"},"modified":"2020-03-19T07:48:30","modified_gmt":"2020-03-19T06:48:30","slug":"unsere-geschichte-2","status":"publish","type":"page","link":"https:\/\/benediktinerinnen-steinfeld-bonn.de\/cms\/unsere-geschichte-2\/","title":{"rendered":"Unsere Geschichte"},"content":{"rendered":"\r\n<p align=\"center\"><strong><span style=\"font-family: Lato; font-size: 28px; color: #757575;\">Unsere Geschichte<\/span><\/strong><\/p>\r\n<p align=\"justify\"><span style=\"font-family: Lato; font-size: 18px; color: #333333;\">Unser Kloster in <i>Steinfeld<\/i> wurde gegr\u00fcndet vom belgischen Benediktinerinnen-<i>Priorat\u00a0<\/i><a style=\"color: #333333;\" href=\"http:\/\/www.ermeton.be\/\" target=\"_blank\" rel=\"noopener noreferrer\"><i>Notre-Dame\/Ermeton-sur-Biert<\/i><\/a>. Zwischen dem Ersten und dem Zweiten Weltkrieg waren mehrere deutsche Frauen in dieses Kloster eingetreten mit dem Wunsch, sp\u00e4ter in Deutschland zu gr\u00fcnden. Die Suche nach einem geeigneten Ort f\u00fcr eine Neugr\u00fcndung zog sich \u00fcber einige Jahre hin. Der Bischof von Aachen bot den Schwestern die \u00dcbernahme des M\u00fcttererholungsheimes in <i>Hollerath\/Eifel <\/i>als ersten Standort in Deutschland an. 1951 begannen f\u00fcnf Schwestern dort das kl\u00f6sterliche Leben unter schwierigen Verh\u00e4ltnissen. Bald schon zeigte sich, dass die \u00f6rtlichen Gegebenheiten keine M\u00f6glichkeit zur Entfaltung boten. 1954 konnten die Schwestern in <i>Steinfeld\/<\/i> <i>Eifel<\/i> das \u201aHaus Albermann\u2018 mit Park erwerben, ehemals das Landhaus eines B\u00fcrgermeisters (erbaut Ende des 19. Jh.). In diesem Haus f\u00fchrten sie ein M\u00fcttererholungsheim in eigener Regie \u2013 eingef\u00fcgt in unseren kl\u00f6sterlichen Lebensrhythmus.<\/span><\/p>\r\n<p style=\"text-align: center;\" align=\"justify\"><span style=\"color: #333333; font-family: Lato; font-size: 16px;\">\u00a0<img loading=\"lazy\" decoding=\"async\" class=\"alignnone size-full wp-image-508\" src=\"https:\/\/benediktinerinnen-steinfeld-bonn.de\/cms\/wp-content\/uploads\/2020\/03\/BILD-Haus-Albermann-640.jpg\" alt=\"\" width=\"640\" height=\"480\" srcset=\"https:\/\/benediktinerinnen-steinfeld-bonn.de\/cms\/wp-content\/uploads\/2020\/03\/BILD-Haus-Albermann-640.jpg 640w, https:\/\/benediktinerinnen-steinfeld-bonn.de\/cms\/wp-content\/uploads\/2020\/03\/BILD-Haus-Albermann-640-300x225.jpg 300w\" sizes=\"auto, (max-width: 640px) 100vw, 640px\" \/><\/span><\/p>\r\n<p align=\"justify\"><span style=\"font-family: Lato; font-size: 18px; color: #333333;\">F\u00fcr die wachsende Gemeinschaft wurden 1958\/59 unter Architekt <i>Emil Steffann <\/i>ein Klostergeb\u00e4ude und eine Kirche gebaut. Das bislang noch von Ermeton kirchenrechtlich abh\u00e4ngige Priorat wurde 1969 selbst\u00e4ndig und 1972 zur Abtei erhoben. Zu Beginn der 80er Jahre zeigte sich die Notwendigkeit einer Neugestaltung des G\u00e4stebereiches, die dann 1982 \u2013 1986 unter Architekt Prof<i>. Gisberth H\u00fclsmann<\/i> durchgef\u00fchrt wurde.<\/span><\/p>\r\n<p style=\"text-align: center;\" align=\"justify\"><span style=\"font-size: 16px; color: #333333;\"><img loading=\"lazy\" decoding=\"async\" class=\"alignnone size-full wp-image-505\" src=\"https:\/\/benediktinerinnen-steinfeld-bonn.de\/cms\/wp-content\/uploads\/2020\/03\/BILD-Haus-und-Kirche-640.jpg\" alt=\"Benediktinerinnen Steinfeld \/ Bonn\" width=\"640\" height=\"480\" srcset=\"https:\/\/benediktinerinnen-steinfeld-bonn.de\/cms\/wp-content\/uploads\/2020\/03\/BILD-Haus-und-Kirche-640.jpg 640w, https:\/\/benediktinerinnen-steinfeld-bonn.de\/cms\/wp-content\/uploads\/2020\/03\/BILD-Haus-und-Kirche-640-300x225.jpg 300w\" sizes=\"auto, (max-width: 640px) 100vw, 640px\" \/><\/span><\/p>\r\n<p align=\"justify\"><span style=\"color: #333333; font-family: Lato; font-size: 18px;\">Unserer Gemeinschaft war die Pflege benediktinischer Gastfreundschaft stets ein besonderes Anliegen. Neben den Teilnehmerinnen der M\u00fctterkuren kamen von Anfang an immer auch Einzelne und kleine Gruppen in unser G\u00e4stehaus. Als die Durchf\u00fchrung der Kuraufenthalte 1990 aufgegeben werden musste, kam dies den Einzelg\u00e4sten und Gruppen zugute. <\/span><\/p>\r\n<p align=\"justify\"><span style=\"color: #333333; font-family: Lato; font-size: 18px;\">Das G\u00e4stehaus als ein Ort der Stille, des Gebetes und der Begegnung stand allen offen, die Besinnung, Erholung und Orientierung im Glauben suchten. Die G\u00e4ste waren eingeladen, an unserer Eucharistiefeier und an unserem Chorgebet teilzunehmen. Einzelgespr\u00e4che und Exerzitien, geistliche Vortr\u00e4ge und Tage der Besinnung boten ihnen die M\u00f6glichkeit, den Glauben zu vertiefen und Kraft f\u00fcr den Alltag zu sch\u00f6pfen.<\/span><\/p>\r\n<p style=\"text-align: center;\" align=\"justify\"><span style=\"font-size: 16px; color: #333333;\"><img loading=\"lazy\" decoding=\"async\" class=\"alignnone size-full wp-image-509\" src=\"https:\/\/benediktinerinnen-steinfeld-bonn.de\/cms\/wp-content\/uploads\/2020\/03\/BILD-Gaestegarten-640.jpg\" alt=\"\" width=\"640\" height=\"480\" srcset=\"https:\/\/benediktinerinnen-steinfeld-bonn.de\/cms\/wp-content\/uploads\/2020\/03\/BILD-Gaestegarten-640.jpg 640w, https:\/\/benediktinerinnen-steinfeld-bonn.de\/cms\/wp-content\/uploads\/2020\/03\/BILD-Gaestegarten-640-300x225.jpg 300w\" sizes=\"auto, (max-width: 640px) 100vw, 640px\" \/><\/span><\/p>\r\n<p align=\"justify\"><span style=\"font-family: Lato; font-size: 18px; color: #333333;\">Da Nachwuchs ausblieb und unsere Gemeinschaft kleiner und \u00e4lter wurde, stellte sich die Frage nach der Zukunft unseres kl\u00f6sterlichen Lebens an diesem Ort. So entschieden wir uns schlie\u00dflich, unser Anwesen zu verkaufen und in ein kleineres, unserer Lebenssituation entsprechendes Kloster umzuziehen. Die \u00dcbersiedlung in das ehemalige Kloster der Schwestern Unserer Lieben Frau auf dem <i>Bonner Venusberg<\/i> erfolgte 2019. Etwa zeitgleich zogen drei pflegebed\u00fcrftige Schwestern in das unmittelbar benachbarte Seniorenhaus Maria Einsiedeln.<\/span><\/p>\r\n","protected":false},"excerpt":{"rendered":"<p>Unsere Geschichte Unser Kloster in Steinfeld wurde gegr\u00fcndet vom belgischen Benediktinerinnen-Priorat\u00a0Notre-Dame\/Ermeton-sur-Biert. Zwischen dem Ersten und dem Zweiten Weltkrieg waren mehrere deutsche Frauen in dieses Kloster eingetreten mit dem Wunsch, sp\u00e4ter in Deutschland zu gr\u00fcnden. Die Suche nach einem geeigneten Ort f\u00fcr eine Neugr\u00fcndung zog sich \u00fcber einige Jahre hin. Der Bischof von Aachen bot den<br \/><a class=\"moretag\" href=\"https:\/\/benediktinerinnen-steinfeld-bonn.de\/cms\/unsere-geschichte-2\/\">+ Lesen Sie mehr<\/a><\/p>\n","protected":false},"author":1,"featured_media":0,"parent":0,"menu_order":0,"comment_status":"closed","ping_status":"closed","template":"","meta":{"footnotes":""},"class_list":["post-24","page","type-page","status-publish","hentry"],"_links":{"self":[{"href":"https:\/\/benediktinerinnen-steinfeld-bonn.de\/cms\/wp-json\/wp\/v2\/pages\/24","targetHints":{"allow":["GET"]}}],"collection":[{"href":"https:\/\/benediktinerinnen-steinfeld-bonn.de\/cms\/wp-json\/wp\/v2\/pages"}],"about":[{"href":"https:\/\/benediktinerinnen-steinfeld-bonn.de\/cms\/wp-json\/wp\/v2\/types\/page"}],"author":[{"embeddable":true,"href":"https:\/\/benediktinerinnen-steinfeld-bonn.de\/cms\/wp-json\/wp\/v2\/users\/1"}],"replies":[{"embeddable":true,"href":"https:\/\/benediktinerinnen-steinfeld-bonn.de\/cms\/wp-json\/wp\/v2\/comments?post=24"}],"version-history":[{"count":27,"href":"https:\/\/benediktinerinnen-steinfeld-bonn.de\/cms\/wp-json\/wp\/v2\/pages\/24\/revisions"}],"predecessor-version":[{"id":669,"href":"https:\/\/benediktinerinnen-steinfeld-bonn.de\/cms\/wp-json\/wp\/v2\/pages\/24\/revisions\/669"}],"wp:attachment":[{"href":"https:\/\/benediktinerinnen-steinfeld-bonn.de\/cms\/wp-json\/wp\/v2\/media?parent=24"}],"curies":[{"name":"wp","href":"https:\/\/api.w.org\/{rel}","templated":true}]}}

<p align="center"><strong><span style="font-family: Lato; font-size: 28px; color: #757575;">Unsere Geschichte</span></strong></p>
<p align="justify"><span style="font-family: Lato; font-size: 18px; color: #333333;">Unser Kloster in <i>Steinfeld</i> wurde gegründet vom belgischen Benediktinerinnen-<i>Priorat </i><a style="color: #333333;" href="http://www.ermeton.be/" target="_blank" rel="noopener noreferrer"><i>Notre-Dame/Ermeton-sur-Biert</i></a>. Zwischen dem Ersten und dem Zweiten Weltkrieg waren mehrere deutsche Frauen in dieses Kloster eingetreten mit dem Wunsch, später in Deutschland zu gründen. Die Suche nach einem geeigneten Ort für eine Neugründung zog sich über einige Jahre hin. Der Bischof von Aachen bot den Schwestern die Übernahme des Müttererholungsheimes in <i>Hollerath/Eifel </i>als ersten Standort in Deutschland an. 1951 begannen fünf Schwestern dort das klösterliche Leben unter schwierigen Verhältnissen. Bald schon zeigte sich, dass die örtlichen Gegebenheiten keine Möglichkeit zur Entfaltung boten. 1954 konnten die Schwestern in <i>Steinfeld/</i> <i>Eifel</i> das ‚Haus Albermann‘ mit Park erwerben, ehemals das Landhaus eines Bürgermeisters (erbaut Ende des 19. Jh.). In diesem Haus führten sie ein Müttererholungsheim in eigener Regie – eingefügt in unseren klösterlichen Lebensrhythmus.</span></p>
<p style="text-align: center;" align="justify"><span style="color: #333333; font-family: Lato; font-size: 16px;"> <img loading="lazy" decoding="async" class="alignnone size-full wp-image-508" src="https://benediktinerinnen-steinfeld-bonn.de/cms/wp-content/uploads/2020/03/BILD-Haus-Albermann-640.jpg" alt="" width="640" height="480" srcset="https://benediktinerinnen-steinfeld-bonn.de/cms/wp-content/uploads/2020/03/BILD-Haus-Albermann-640.jpg 640w, https://benediktinerinnen-steinfeld-bonn.de/cms/wp-content/uploads/2020/03/BILD-Haus-Albermann-640-300x225.jpg 300w" sizes="auto, (max-width: 640px) 100vw, 640px" /></span></p>
<p align="justify"><span style="font-family: Lato; font-size: 18px; color: #333333;">Für die wachsende Gemeinschaft wurden 1958/59 unter Architekt <i>Emil Steffann </i>ein Klostergebäude und eine Kirche gebaut. Das bislang noch von Ermeton kirchenrechtlich abhängige Priorat wurde 1969 selbständig und 1972 zur Abtei erhoben. Zu Beginn der 80er Jahre zeigte sich die Notwendigkeit einer Neugestaltung des Gästebereiches, die dann 1982 – 1986 unter Architekt Prof<i>. Gisberth Hülsmann</i> durchgeführt wurde.</span></p>
<p style="text-align: center;" align="justify"><span style="font-size: 16px; color: #333333;"><img loading="lazy" decoding="async" class="alignnone size-full wp-image-505" src="https://benediktinerinnen-steinfeld-bonn.de/cms/wp-content/uploads/2020/03/BILD-Haus-und-Kirche-640.jpg" alt="Benediktinerinnen Steinfeld / Bonn" width="640" height="480" srcset="https://benediktinerinnen-steinfeld-bonn.de/cms/wp-content/uploads/2020/03/BILD-Haus-und-Kirche-640.jpg 640w, https://benediktinerinnen-steinfeld-bonn.de/cms/wp-content/uploads/2020/03/BILD-Haus-und-Kirche-640-300x225.jpg 300w" sizes="auto, (max-width: 640px) 100vw, 640px" /></span></p>
<p align="justify"><span style="color: #333333; font-family: Lato; font-size: 18px;">Unserer Gemeinschaft war die Pflege benediktinischer Gastfreundschaft stets ein besonderes Anliegen. Neben den Teilnehmerinnen der Mütterkuren kamen von Anfang an immer auch Einzelne und kleine Gruppen in unser Gästehaus. Als die Durchführung der Kuraufenthalte 1990 aufgegeben werden musste, kam dies den Einzelgästen und Gruppen zugute. </span></p>
<p align="justify"><span style="color: #333333; font-family: Lato; font-size: 18px;">Das Gästehaus als ein Ort der Stille, des Gebetes und der Begegnung stand allen offen, die Besinnung, Erholung und Orientierung im Glauben suchten. Die Gäste waren eingeladen, an unserer Eucharistiefeier und an unserem Chorgebet teilzunehmen. Einzelgespräche und Exerzitien, geistliche Vorträge und Tage der Besinnung boten ihnen die Möglichkeit, den Glauben zu vertiefen und Kraft für den Alltag zu schöpfen.</span></p>
<p style="text-align: center;" align="justify"><span style="font-size: 16px; color: #333333;"><img loading="lazy" decoding="async" class="alignnone size-full wp-image-509" src="https://benediktinerinnen-steinfeld-bonn.de/cms/wp-content/uploads/2020/03/BILD-Gaestegarten-640.jpg" alt="" width="640" height="480" srcset="https://benediktinerinnen-steinfeld-bonn.de/cms/wp-content/uploads/2020/03/BILD-Gaestegarten-640.jpg 640w, https://benediktinerinnen-steinfeld-bonn.de/cms/wp-content/uploads/2020/03/BILD-Gaestegarten-640-300x225.jpg 300w" sizes="auto, (max-width: 640px) 100vw, 640px" /></span></p>
<p align="justify"><span style="font-family: Lato; font-size: 18px; color: #333333;">Da Nachwuchs ausblieb und unsere Gemeinschaft kleiner und älter wurde, stellte sich die Frage nach der Zukunft unseres klösterlichen Lebens an diesem Ort. So entschieden wir uns schließlich, unser Anwesen zu verkaufen und in ein kleineres, unserer Lebenssituation entsprechendes Kloster umzuziehen. Die Übersiedlung in das ehemalige Kloster der Schwestern Unserer Lieben Frau auf dem <i>Bonner Venusberg</i> erfolgte 2019. Etwa zeitgleich zogen drei pflegebedürftige Schwestern in das unmittelbar benachbarte Seniorenhaus Maria Einsiedeln.</span></p>

<p>Unsere Geschichte Unser Kloster in Steinfeld wurde gegründet vom belgischen Benediktinerinnen-Priorat Notre-Dame/Ermeton-sur-Biert. Zwischen dem Ersten und dem Zweiten Weltkrieg waren mehrere deutsche Frauen in dieses Kloster eingetreten mit dem Wunsch, später in Deutschland zu gründen. Die Suche nach einem geeigneten Ort für eine Neugründung zog sich über einige Jahre hin. Der Bischof von Aachen bot den<br /><a class="moretag" href="https://benediktinerinnen-steinfeld-bonn.de/cms/unsere-geschichte-2/">+ Lesen Sie mehr</a></p>
