{"id":236,"date":"2020-03-02T14:40:16","date_gmt":"2020-03-02T13:40:16","guid":{"rendered":"https:\/\/benediktinerinnen-steinfeld-bonn.de\/cms\/?page_id=236"},"modified":"2020-12-09T19:36:22","modified_gmt":"2020-12-09T18:36:22","slug":"datenschutzerklaerung","status":"publish","type":"page","link":"https:\/\/benediktinerinnen-steinfeld-bonn.de\/cms\/datenschutzerklaerung\/","title":{"rendered":"Datenschutzerkl\u00e4rung"},"content":{"rendered":"<h2 style=\"text-align: center;\"><strong>Datenschutzerkl\u00e4rung<\/strong><\/h2>\n<p style=\"text-align: justify;\">Die Betreiber dieser Seiten nehmen den Schutz Ihrer pers\u00f6nlichen Daten sehr ernst. Wir behandeln Ihre personenbezogenen Daten vertraulich und entsprechend der gesetzlichen Datenschutzvorschriften sowie dieser Datenschutzerkl\u00e4rung.<\/p>\n<p style=\"text-align: justify;\">Grundlage f\u00fcr den Datenschutz ist die Kirchliche Datenschutzregelung der Ordensgemeinschaft p\u00e4pstlichen Rechts (KDR-OG), die am 14.04.2018 f\u00fcr unser Kloster in Kraft gesetzt worden ist.<\/p>\n<p style=\"text-align: justify;\">Die Nutzung unsere Website ist in der Regel ohne Angabe personenbezogener Daten m\u00f6glich. Soweit auf unseren Seiten personenbezogene Daten (beispielsweise Name, Anschrift oder E-Mail-Adressen) erhoben werden, erfolgt dies, soweit m\u00f6glich, stets auf freiwilliger Basis. Diese Daten werden ohne Ihre ausdr\u00fcckliche Zustimmung nicht an Dritte weitergegeben.<\/p>\n<p style=\"text-align: justify;\">Wir weisen darauf hin, dass die Daten\u00fcbertragung im Internet (z.B. bei der Kommunikation per E-Mail) Sicherheitsl\u00fccken aufweisen kann. Ein l\u00fcckenloser Schutz der Daten vor dem Zugriff durch Dritte ist nicht m\u00f6glich.<\/p>\n<p style=\"text-align: justify;\"><strong>Auskunft, L\u00f6schung, Sperrung<\/strong><br \/>\nSie haben jederzeit das Recht auf unentgeltliche Auskunft \u00fcber Ihre gespeicherten personenbezogenen Daten, deren Herkunft und Empf\u00e4nger und den Zweck der Datenverarbeitung sowie ein Recht auf Berichtigung, Sperrung oder L\u00f6schung dieser Daten. Hierzu sowie zu weiteren Fragen zum Thema personenbezogene Daten k\u00f6nnen Sie sich jederzeit unter der im Impressum angegebenen Adresse an uns wenden.<\/p>\n<p style=\"text-align: justify;\"><strong>Server-Log-Files<\/strong><br \/>\nDer Provider der Seiten erhebt und speichert automatisch Informationen in sogenannten Server-log-Files, die Ihr Browser automatisch an uns \u00fcbermittelt. Dies sind:<\/p>\n<pre>Browsertyp\/Browserversion\r\nverwendetes Betriebssystem\r\nReferrer URL\r\nHostname des zugreifenden Rechners\r\nUhrzeit der Serveranfrage<\/pre>\n<p style=\"text-align: justify;\">Diese Daten sind nicht bestimmten Personen zuordenbar. Eine Zusammenf\u00fchrung dieser Daten mit anderen Datenquellen wird nicht vorgenommen. Wir behalten uns vor, diese Daten nachtr\u00e4glich zu pr\u00fcfen, wenn uns konkrete Anhaltspunkte f\u00fcr eine rechtswidrige Nutzung bekannt werden.<\/p>\n<p><strong>Ordens-Datenschutzbeauftragte:<br \/>\n<\/strong>Frau Margret Debrus<br \/>\nHeinrich-Dittmeier-Str. 24<br \/>\n53125 Bonn<\/p>\n","protected":false},"excerpt":{"rendered":"<p>Datenschutzerkl\u00e4rung Die Betreiber dieser Seiten nehmen den Schutz Ihrer pers\u00f6nlichen Daten sehr ernst. Wir behandeln Ihre personenbezogenen Daten vertraulich und entsprechend der gesetzlichen Datenschutzvorschriften sowie dieser Datenschutzerkl\u00e4rung. Grundlage f\u00fcr den Datenschutz ist die Kirchliche Datenschutzregelung der Ordensgemeinschaft p\u00e4pstlichen Rechts (KDR-OG), die am 14.04.2018 f\u00fcr unser Kloster in Kraft gesetzt worden ist. Die Nutzung unsere Website<br \/><a class=\"moretag\" href=\"https:\/\/benediktinerinnen-steinfeld-bonn.de\/cms\/datenschutzerklaerung\/\">+ Lesen Sie mehr<\/a><\/p>\n","protected":false},"author":1,"featured_media":0,"parent":0,"menu_order":0,"comment_status":"closed","ping_status":"closed","template":"","meta":{"footnotes":""},"class_list":["post-236","page","type-page","status-publish","hentry"],"_links":{"self":[{"href":"https:\/\/benediktinerinnen-steinfeld-bonn.de\/cms\/wp-json\/wp\/v2\/pages\/236","targetHints":{"allow":["GET"]}}],"collection":[{"href":"https:\/\/benediktinerinnen-steinfeld-bonn.de\/cms\/wp-json\/wp\/v2\/pages"}],"about":[{"href":"https:\/\/benediktinerinnen-steinfeld-bonn.de\/cms\/wp-json\/wp\/v2\/types\/page"}],"author":[{"embeddable":true,"href":"https:\/\/benediktinerinnen-steinfeld-bonn.de\/cms\/wp-json\/wp\/v2\/users\/1"}],"replies":[{"embeddable":true,"href":"https:\/\/benediktinerinnen-steinfeld-bonn.de\/cms\/wp-json\/wp\/v2\/comments?post=236"}],"version-history":[{"count":21,"href":"https:\/\/benediktinerinnen-steinfeld-bonn.de\/cms\/wp-json\/wp\/v2\/pages\/236\/revisions"}],"predecessor-version":[{"id":518,"href":"https:\/\/benediktinerinnen-steinfeld-bonn.de\/cms\/wp-json\/wp\/v2\/pages\/236\/revisions\/518"}],"wp:attachment":[{"href":"https:\/\/benediktinerinnen-steinfeld-bonn.de\/cms\/wp-json\/wp\/v2\/media?parent=236"}],"curies":[{"name":"wp","href":"https:\/\/api.w.org\/{rel}","templated":true}]}}